76?
2, 26261
List the prime factors of 7951196.
2, 11, 19, 9511
What are the prime factors of 219261?
3, 7, 53, 197
List the prime factors of 899385.
3, 5, 17, 3527
List the prime factors of 186238.
2, 13, 19, 29
What are the prime factors of 421498?
2, 7, 11, 17, 23
List the prime factors of 9261784.
2, 7, 23627
List the prime factors of 13055749.
7, 1865107
List the prime factors of 1133053.
1133053
List the prime factors of 22977148.
2, 37, 155251
What are the prime factors of 14334200?
2, 5, 71671
What are the prime factors of 24885215?
5, 569, 8747
List the prime factors of 820575.
3, 5, 7, 521
List the prime factors of 53764.
2, 13441
What are the prime factors of 21052?
2, 19, 277
List the prime factors of 551464.
2, 29, 2377
What are the prime factors of 306776?
2, 31, 1237
List the prime factors of 6901860.
2, 3, 5, 7, 16433
What are the prime factors of 366848?
2, 1433
What are the prime factors of 712017?
3, 26371
What are the prime factors of 367486?
2, 7, 26249
List the prime factors of 18871941.
3, 11, 571877
What are the prime factors of 306280?
2, 5, 13, 19, 31
List the prime factors of 85092.
2, 3, 7, 1013
List the prime factors of 407709.
3, 89, 509
List the prime factors of 360460.
2, 5, 67, 269
What are the prime factors of 1631804?
2, 23, 17737
List the prime factors of 3721250.
2, 5, 13, 229
What are the prime factors of 1679236?
2, 13, 43, 751
List the prime factors of 8779184.
2, 193, 2843
List the prime factors of 313045.
5, 137, 457
What are the prime factors of 338313?
3, 112771
List the prime factors of 14374403.
14374403
List the prime factors of 980275.
5, 113, 347
List the prime factors of 2682222.
2, 3, 409, 1093
What are the prime factors of 1260271?
251, 5021
List the prime factors of 661499.
479, 1381
List the prime factors of 211656.
2, 3, 8819
What are the prime factors of 1347268?
2, 13, 1993
List the prime factors of 257740.
2, 5, 7, 263
What are the prime factors of 1104781?
1104781
What are the prime factors of 3363138?
2, 3, 186841
What are the prime factors of 5027806?
2, 7, 359129
What are the prime factors of 31233?
3, 29, 359
List the prime factors of 1047821.
1047821
What are the prime factors of 4408696?
2, 29, 31, 613
List the prime factors of 83359.
31, 2689
List the prime factors of 154376.
2, 23, 839
What are the prime factors of 799741?
799741
List the prime factors of 211663.
211663
List the prime factors of 48585.
3, 5, 41, 79
What are the prime factors of 6674977?
241, 27697
List the prime factors of 6788257.
7, 47, 439
What are the prime factors of 64293?
3, 29, 739
List the prime factors of 11589050.
2, 5, 11, 19, 1109
What are the prime factors of 604333?
17, 19, 1871
List the prime factors of 15738856.
2, 7, 127, 2213
What are the prime factors of 957877?
957877
What are the prime factors of 3249251?
47, 257, 269
List the prime factors of 1489422.
2, 3, 11, 22567
List the prime factors of 302810.
2, 5, 107, 283
What are the prime factors of 4456085?
5, 41, 21737
What are the prime factors of 803554?
2, 131, 3067
What are the prime factors of 625401?
3, 7, 1103
List the prime factors of 311249.
409, 761
What are the prime factors of 475666?
2, 43, 5531
What are the prime factors of 607753?
19, 29, 1103
List the prime factors of 2066526.
2, 3, 7, 11, 71
What are the prime factors of 30358772?
2, 67, 113279
What are the prime factors of 326213?
17, 31, 619
List the prime factors of 321977.
23, 13999
What are the prime factors of 2991?
3, 997
List the prime factors of 495286.
2, 11, 47, 479
List the prime factors of 1637978.
2, 29, 31, 911
List the prime factors of 292448.
2, 13, 19, 37
What are the prime factors of 11575108?
2, 2893777
List the prime factors of 3453493.
31, 101, 1103
List the prime factors of 62735.
5, 12547
What are the prime factors of 1131294?
2, 3, 409, 461
What are the prime factors of 456341?
61, 7481
What are the prime factors of 3641287?
13, 280099
List the prime factors of 5678885.
5, 1135777
List the prime factors of 172285.
5, 34457
List the prime factors of 341336.
2, 42667
List the prime factors of 40048552.
2, 5006069
What are the prime factors of 773966?
2, 37, 10459
What are the prime factors of 37900628?
2, 9475157
What are the prime factors of 195012?
2, 3, 5417
What are the prime factors of 6470731?
6470731
What are the prime factors of 3762138?
2, 3, 79, 7937
What are the prime factors of 19338793?
97, 193, 1033
What are the prime factors of 9226844?
2, 11, 209701
List the prime factors of 962432.
2, 73, 103
What are the prime factors of 1221050?
2, 5, 24421
List the prime factors of 2437926.
2, 3, 61, 6661
List the prime factors of 316317.
3, 97, 1087
What are the prime factors of 4728557?
4728557
List the prime factors of 192107.
31, 6197
List the prime factors of 269061.
3, 13, 6899
What are the prime factors of 368420?
2, 5, 13, 109
List the prime factors of 6058069.
17, 367, 971
What are the prime factors of 184357?
19, 31, 313
What are the prime factors of 307931?
13, 23687
List the prime factors of 3701157.
3, 727, 1697
List the prime factors of 337291.
337291
List the prime factors of 399957.
3, 133319
What are the prime factors of 9857912?
2, 29, 42491
List the prime factors of 7012781.
7012781
List the prime factors of 590291.
13, 17, 2671
List the prime factors of 1196497.
157, 7621
List the prime factors of 80366.
2, 11, 13, 281
What are the prime factors of 508359?
3, 41, 4133
List the prime factors of 323047.
37, 8731
What are the prime factors of 103112?
2, 12889
What are the prime factors of 7020168?
2, 3, 53, 5519
List the prime factors of 1364847.
3, 11, 59, 701
What are the prime factors of 6033344?
2, 31, 3041
List the prime factors of 164702.
2, 82351
What are the prime factors of 1158492?
2, 3, 29, 3329
List the prime factors of 1629671.
17, 5639
What are the prime factors of 149313?
3, 71, 701
List the prime factors of 84406.
2, 7, 6029
List the prime factors of 7425275.
5, 11, 13, 31, 67
What are the prime factors of 264100?
2, 5, 19, 139
What are the prime factors of 608747?
31, 73, 269
What are the prime factors of 1581553?
1581553
List the prime factors of 1261346.
2, 607, 1039
List the prime factors of 4386349.
11, 398759
List the prime factors of 17493051.
3, 17, 71, 4831
List the prime factors of 8046007.
59, 136373
List the prime factors of 9304747.
761, 12227
List the prime factors of 20443854.
2, 3, 59, 57751
List the prime factors of 4963770.
2, 3, 5, 7, 7879
List the prime factors of 991574.
2, 495787
List the prime factors of 3015626.
2, 1507813
List the prime factors of 25186634.
2, 11, 199, 523
What are the prime factors of 5587717?
5587717
List the prime factors of 1481967.
3, 164663
List the prime factors of 234881.
193, 1217
List the prime factors of 17091531.
3, 1899059
List the prime factors of 2928409.
11, 53, 5023
List the prime factors of 593926.
2, 41, 7243
What are the prime factors of 274693?
274693
List the prime factors of 854908.
2, 213727
List the prime factors of 355212.
2, 3, 11, 13, 23
What are the prime factors of 48541?
48541
List the prime factors of 156093.
3, 7, 7433
What are the prime factors of 3243265?
5, 648653
What are the prime factors of 73461?
3, 47, 521
List the prime factors of 22062378.
2, 3, 13, 282851
What are the prime factors of 3198648?
2, 3, 133277
List the prime factors of 1788930.
2, 3, 5, 11, 13, 139
What are the prime factors of 1785863?
71, 25153
What are the prime factors of 62751?
3, 13, 1609
What are the prime factors of 19483176?
2, 3, 811799
List the prime factors of 145556.
2, 36389
List the prime factors of 340083.
3, 29, 1303
List the prime factors of 2353963.
79, 83, 359
What are the prime factors of 1018734?
2, 3, 169789
List the prime factors of 325170.
2, 3, 5, 3613
List the prime factors of 3844673.
7, 43, 53, 241
List the prime factors of 1811543.
29, 62467
List the prime factors of 1163596.
2, 7, 29, 1433
What are the prime factors of 20568?
2, 3, 857
What are the prime factors of 72007?
13, 29, 191
What are the prime factors of 10755280?
2, 5, 233, 577
List the prime factors of 126145.
5, 25229
List the prime factors of 174877.
174877
What are the prime factors of 502767?
3, 2069
List the prime factors of 1009921.
11, 91811
What are the prime factor